4*x - 50. Determine q(7).
-78
Let t(a) = -18*a - 187. What is t(-14)?
65
Let g(b) = -b**2 - 2472*b - 9852. Determine g(-4).
20
Let u(o) = 2*o**3 + 368*o**2 - 2285*o + 27. Determine u(6).
-3
Let y(m) = -55*m**2 + 313*m + 110. Calculate y(6).
8
Let p(d) = 3*d**3 + 37*d**2 - 30*d - 30. Calculate p(-13).
22
Let t(m) = 49*m - 2243. Give t(46).
11
Let t(r) = -r**3 - 24*r**2 + r + 32. Calculate t(-24).
8
Let n(f) = f**2 - 101*f + 1581. Calculate n(82).
23
Let o(c) = -c**2 + 46*c - 352. Give o(38).
-48
Let m(p) = 17*p**2 + 64*p + 9. Give m(-4).
25
Let m(w) = -36*w + 730. Give m(20).
10
Let a(g) = -g**2 - 42*g - 88. Give a(-39).
29
Let x(c) = -137*c - 580. Calculate x(-4).
-32
Let o(k) = -7*k**2 + 94*k - 40. Determine o(13).
-1
Let i(x) = 2*x**2 + 8*x - 54. What is i(-7)?
-12
Let w(c) = 2*c**3 - 181*c**2 - 272*c - 386. Give w(92).
-18
Let v(u) = 16*u**3 + 114*u**2 + 50*u + 233. Determine v(-7).
-19
Let n(w) = -5*w**3 - 2*w**2 + 5*w - 6. Calculate n(-4).
262
Let v(k) = 2*k**3 + 393*k**2 + 580*k - 1019. Calculate v(-195).
-44
Let x(n) = n**3 + 22*n**2 - 27*n - 54. What is x(-23)?
38
Let p(i) = -i**3 + 29*i**2 - 34*i - 25. Give p(28).
-193
Let x(f) = 38*f + 310. Give x(-7).
44
Let h(j) = -j**2 + 128*j + 933. Calculate h(-7).
-12
Let l(v) = -v**3 + 11*v**2 - 21*v + 6. Give l(8).
30
Let q(z) = z**2 - 45*z + 231. Determine q(42).
105
Let p(k) = -18*k + 1013. Calculate p(55).
23
Let u(b) = 4*b**3 - 40*b**2 + 18*b - 174. Determine u(10).
6
Let d(v) = -v**3 - 16*v**2 - 22*v + 64. What is d(-14)?
-20
Let k(d) = 23*d - 656. Calculate k(28).
-12
Let a(s) = s**2 - 34*s - 95. What is a(37)?
16
Let k(w) = 7*w**2 + 62*w - 9. Determine k(-8).
-57
Let n(z) = -22*z + 109. Determine n(6).
-23
Let k(a) = -a**3 - 12*a**2 + 59*a - 120. Give k(-16).
-40
Let d(v) = v**3 - 2*v**2 - 37*v - 141. What is d(-4)?
-89
Let m(n) = -2*n**2 - 10*n + 151. Calculate m(-12).
-17
Let c(j) = j**3 + 128*j**2 - 270*j - 1298. Calculate c(-130).
2
Let n(j) = 141*j**2 + 1837*j + 32. Give n(-13).
-20
Let o(j) = 6609*j - 13211. Give o(2).
7
Let z(c) = 7*c**2 - 14*c + 22. What is z(4)?
78
Let m(n) = 2*n**2 + 86*n + 336. What is m(-4)?
24
Let f(u) = 10*u - 3. Calculate f(5).
47
Let p(x) = x**3 - 17*x**2 + 84*x - 564. Calculate p(14).
24
Let m(v) = -74*v + 12. Calculate m(3).
-210
Let h(r) = -33*r + 163. Determine h(4).
31
Let b(y) = y**3 - 3*y**2 + 7. Determine b(2).
3
Let z(i) = -3*i**3 - 577*i**2 - 760*i + 761. Calculate z(-191).
-3
Let t(c) = -102*c - 116. Calculate t(-7).
598
Let p(i) = 238*i**2 + 2154*i + 113. Give p(-9).
5
Let h(j) = -147*j - 7816. Calculate h(-53).
-25
Let u(w) = 126*w - 253. Calculate u(2).
-1
Let q(p) = -17*p**3 + 2*p**2 - 11*p - 19. Determine q(-2).
147
Let y(q) = 78*q**2 - 112*q - 336. Determine y(-3).
702
Let q(r) = -18*r**2 + 22*r. Determine q(1).
4
Let n(s) = s**3 - 42*s**2 + 34*s - 1527. Give n(42).
-99
Let q(s) = s**3 - 2*s**2 - 12*s + 16. Give q(7).
177
Let h(p) = p**3 - 274*p**2 + 137*p - 37535. Calculate h(274).
3
Let i(m) = -11*m**2 + 330*m - 40. Give i(30).
-40
Let w(r) = -19*r + 1981. What is w(92)?
233
Let a(w) = -31*w + 262. What is a(11)?
-79
Let y(c) = -2*c**2 - 259*c - 975. Give y(-4).
29
Let w(m) = 5*m**2 + 10. Give w(3).
55
Let u(h) = 2*h**2 - 333*h - 1717. Give u(-5).
-2
Let w(v) = 162*v - 6. Give w(2).
318
Let d(v) = -v**2 + 37*v + 368. What is d(45)?
8
Let b(j) = j**2 - 130*j + 2972. Give b(100).
-28
Let p(d) = -20*d + 369. Determine p(12).
129
Let b(w) = w**3 - 12*w**2 + 18*w + 13. What is b(10)?
-7
Let l(o) = -o**2 + 77*o - 1293. What is l(52)?
7
Let d(r) = -r**3 - 3*r**2 + 649*r - 4. Give d(24).
20
Let a(j) = j**3 + 11*j**2 + 9*j - 48. Calculate a(-5).
57
Let q(g) = 30*g + 201. What is q(-9)?
-69
Let v(c) = -c**2 + c + 41. Determine v(0).
41
Let x(q) = -136*q + 428. Determine x(3).
20
Let n(f) = -6*f - 22. Determine n(-6).
14
Let p(q) = q**3 - 10*q**2 - 14*q + 48. Determine p(11).
15
Let l(s) = -4*s**3 + 21*s**2 + 3*s - 50. Calculate l(5).
-10
Let p(u) = 120*u - 1579. Calculate p(12).
-139
Let i(b) = -262*b - 137. Give i(0).
-137
Let c(y) = -1420*y - 26982. Give c(-19).
-2
Let p(c) = c**3 + 20*c**2 + 88*c + 1. Give p(-13).
40
Let c(x) = 10*x - 116. Calculate c(9).
-26
Let b(m) = -847*m + 18746. Give b(22).
112
Let p(j) = -31*j + 1662. Give p(54).
-12
Let j(p) = p**2 - 28*p + 30. Calculate j(27).
3
Let b(m) = -37*m + 419. Give b(11).
12
Let u(b) = -b**3 - 31*b**2 + 33*b + 24. What is u(-32)?
-8
Let s(j) = -11*j**2 - 492*j - 1269. Determine s(-42).
-9
Let l(p) = -3*p**3 - 1224*p**2 + 2*p - 6. What is l(0)?
-6
Let k(w) = -350*w + 4910. Determine k(14).
10
Let d(v) = 2*v**3 + 29*v**2 + 108*v + 13. Determine d(-7).
-8
Let y(a) = -240*a + 1642. Calculate y(5).
442
Let g(f) = f**3 - 126*f**2 - 379*f - 1077. Give g(129).
-45
Let o(b) = -19570*b + 97851. Give o(5).
1
Let p(z) = -z**2 - 146*z - 605. Give p(-142).
-37
Let s(w) = -w**3 + 12*w**2 + 18*w - 1. Determine s(13).
64
Let h(r) = 477*r - 5241. Determine h(11).
6
Let d(o) = -2*o**3 + 2*o**2 + 34*o - 37. Determine d(1).
-3
Let v(b) = -b**3 - 6*b**2 + 22*b - 24. Calculate v(-9).
21
Let d(w) = 80*w - 6. Give d(-2).
-166
Let g(r) = -2*r**2 - 71*r + 261. Give g(-38).
71
Let z(l) = -3450*l - 55203. What is z(-16)?
-3
Let l(d) = -6*d**3 + 175*d**2 - 61*d + 932. Calculate l(29).
4
Let o(u) = -2*u**2 - 26*u - 66. Give o(-8).
14
Let z(c) = -c**2 - 26*c - 90. What is z(-22)?
-2
Let v(k) = -2*k**3 - 23*k**2 - 34*k - 564. Determine v(-12).
-12
Let h(a) = -a**3 + 10*a**2 - 23*a + 18. Give h(8).
-38
Let s(k) = -k**3 + 13*k**2 - 717*k + 10229. Give s(14).
-5
Let t(i) = 9625*i + 57739. Calculate t(-6).
-11
Let c(a) = 33*a**2 - 4*a + 2. Give c(1).
31
Let o(l) = 437*l - 3346. What is o(7)?
-287
Let v(a) = 38*a**2 - 72*a - 220. Calculate v(-3).
338
Let l(z) = -46*z - 1515. Determine l(-33).
3
Let b(t) = 23*t + 351. What is b(-10)?
121
Let r(q) = -19*q**2 + 744*q - 124. Determine r(39).
-7
Let o(i) = -689*i + 5. Determine o(0).
5
Let u(m) = -16*m**2 - 48*m - 2. What is u(-3)?
-2
Let k(i) = 227*i + 1584. Determine k(-7).
-5
Let c(p) = -p**2 - 45*p - 553. Give c(-28).
-77
Let v(u) = -u**3 - 57*u**2 + 1169*u + 91. Give v(-73).
18
Let h(t) = -7*t + 170. Calculate h(18).
44
Let g(q) = -4*q**2 - 58*q - 164. Give g(-9).
34
Let x(d) = 2*d**3 - 3*d - 21. Calculate x(4).
95
Let i(g) = -6*g**3 + 87*g**2 + 40*g + 70. Calculate i(15).
-5
Let y(z) = -108*z + 490. Calculate y(5).
-50
Let q(k) = -79*k - 984. Calculate q(-8).
-352
Let y(a) = a**3 - 14*a**2 + 18*a - 19. Give y(12).
-91
Let o(p) = 2*p**3 - 17*p**2 + 71*p - 347. What is o(7)?
3
Let d(j) = -23*j + 180. Give d(10).
-50
Let j(b) = 201*b + 5661. Calculate j(-28).
33
Let n(o) = o**2 - 11*o + 59. Give n(7).
31
Let a(t) = 1169*t - 9. What is a(0)?
-9
Let j(v) = v**3 + 47*v**2 - 27*v + 6142. What is j(-50)?
-8
Let w(u) = -3*u - 5. Calculate w(-7).
16
Let s(q) = -41*q - 4597. Give s(-112).
-5
Let k(s) = s**3 + 17*s**2 - 24*s - 125. What is k(-18)?
-17
Let z(q) = -q**3 - 10*q**2 + q + 31. Calculate z(-8).
-105
Let l(b) = b**3 + 8*b**2 + 84*b + 292. Calculate l(-4).
20
Let p(g) = g**3 - 42*g**2 - 45*g + 91. Give p(43).
5
Let l(v) = 11*v**3 - 3*v**2 + 9*v - 4. Give l(1).
13
Let f(j) = -j**2 - 8*j + 130. Determine f(0).
130
Let s(i) = -i**3 + 7*i**2 + 12*i + 105. Determine s(8).
137
Let t(o) = 10*o**3 + 631*o**2 + 61*o - 115. Calculate t(-63).
11
Let o(v) = -v**3 - 13*v**2 - 30*v - 50. Give o(-11).
38
Let h(r) = -r**3 + 58*r + 17. Determine h(8).
-31
Let i(d) = -417*d - 30448. Give i(-73).
-7
Let s(x) = -x**3 - 12*x**2 + 253*x - 11. What is s(-23)?
-11
Let q(w) = -7*w**2 - 3*w + 2. Determine q(4).
-122
Let w(o) = 4*o**2 + 28*o - 244. Give w(5).
-4
Let w(o) = o**2 - 18*o - 1074. Calculate w(-24).
-66
Let l(y) = y**3 - 19*y**2 - 24*y + 563. What is l(19)?
107
Let n(i) = i**2 + 14*i + 75. Determine n(-4).
35
Let n(m) = 15*m**3 + 2*m**2 + 18*m - 35. Calculate n(2).
129
Let i(u) = -254*u - 1284. Give i(-5).
-14
Let m(d) = -7*d**2 - 40*d - 6. Calculate m(-7).
-69
Let i(c) = -2*c**2 - 55*c + 19. What is i(-27)?
46
Let k(h) = 7*h**2 - 249*h - 1231. Calculate k(40).
9
Let l(j) = -4*j**2 + 77*j - 76. Determine l(19).
-57
Let h(s) = s**3 + 5*s**2 - s - 178. Give h(0).
-178
Let l(q) = -211*q - 451. Calculate l(-2).
-29
Let v(d) = 2*d**2 + 40*d - 66. What is v(-23)?
72
Let s(a) = a**2 - 52*a - 584. 